. Give s(-21).
-330
Let p(z) = -139*z - 14034. Calculate p(-101).
5
Let v(y) = -67*y**3 - 882*y**2 - 140*y + 32. What is v(-13)?
-7
Let n(m) = 6252*m + 894030. What is n(-143)?
-6
Let u(j) = 1870*j + 54440. Calculate u(-29).
210
Let f(c) = 104*c + 3249. What is f(-18)?
1377
Let z(p) = -27823*p + 6121067. Calculate z(220).
7
Let p(a) = -a**2 + 20*a - 98. Determine p(9).
1
Let v(u) = 6693*u + 354825. Calculate v(-53).
96
Let w(h) = 282*h - 2486. What is w(9)?
52
Let t(r) = -r**3 + 85*r**2 - 807*r - 47. Calculate t(74).
471
Let a(k) = 6180*k + 2440989. Determine a(-395).
-111
Let a(j) = 1058*j - 7392. Determine a(7).
14
Let t(v) = -873*v - 33836. What is t(-42)?
2830
Let d(c) = -80*c**3 + 2082*c**2 - 46*c - 460. Determine d(26).
-304
Let c(h) = -799*h**2 - 3019*h + 708. Calculate c(-4).
0
Let d(w) = 431*w + 2599. Calculate d(-3).
1306
Let v(f) = 405*f**2 + 36*f - 16. Give v(2).
1676
Let h(j) = -142274*j + 5833258. What is h(41)?
24
Let x(m) = -33452*m + 1371532. Give x(41).
0
Let n(x) = 145384*x + 1308465. Give n(-9).
9
Let j(q) = -q**3 + 62*q**2 + 771*q - 62006. Determine j(56).
-14
Let z(j) = 6509*j + 279912. What is z(-43)?
25
Let u(d) = -d**2 - 22920*d + 275191. Give u(12).
7
Let n(p) = 27*p**3 - 55*p**2 - 9*p - 19. Give n(4).
793
Let d(g) = -13*g**3 + 58*g**2 - 31*g + 24. Calculate d(7).
-1810
Let n(w) = w**2 - 410184*w + 4511910. Determine n(11).
7
Let q(b) = -15027*b + 60042. Calculate q(4).
-66
Let p(o) = 22*o**2 - 3139*o + 28344. Determine p(133).
15
Let x(c) = 28705*c - 143529. Determine x(5).
-4
Let v(o) = 877290*o - 6140947. Give v(7).
83
Let y(i) = 254*i + 5103. Determine y(-19).
277
Let b(v) = -3*v**3 + 152*v**2 + 467*v - 31. Give b(-3).
17
Let c(j) = 155*j - 30253. Determine c(197).
282
Let m(d) = 141161*d - 1129290. Give m(8).
-2
Let v(z) = -8*z**2 - 144*z + 2270. What is v(-28)?
30
Let p(o) = 5*o**3 + 190*o**2 + 1511*o - 1271. Give p(-26).
3
Let j(w) = -3*w**2 + 160*w - 1847. Determine j(18).
61
Let l(q) = -2*q**2 - 68*q + 429. Calculate l(-41).
-145
Let b(a) = -7*a**3 + 421*a**2 - 2970*a + 322. Determine b(52).
10
Let o(w) = -14385*w + 13150. What is o(1)?
-1235
Let o(d) = 4*d**3 - 1116*d**2 + 1008*d + 28917. Calculate o(278).
5
Let g(c) = 208072*c + 208098. Calculate g(-1).
26
Let x(a) = -584*a**2 + 23946*a - 83. Give x(41).
-1
Let l(r) = -85*r**2 - 295*r + 636. What is l(-5)?
-14
Let g(p) = -60*p**2 - 813*p + 6206. Determine g(-19).
-7
Let s(a) = -175*a - 351. What is s(4)?
-1051
Let c(i) = i**3 - 21*i**2 - 112*i + 886. What is c(24)?
-74
Let v(o) = -o**2 + 3413*o - 902844. Determine v(289).
-8
Let y(b) = -434937*b - 1. What is y(0)?
-1
Let v(d) = 2048*d + 8139. What is v(-4)?
-53
Let k(s) = 2*s**2 + 24489*s - 367795. Determine k(15).
-10
Let i(u) = -2471*u + 39521. What is i(16)?
-15
Let q(l) = -1028*l - 11286. What is q(-11)?
22
Let z(t) = -t**3 - 150*t**2 + 595*t - 3214. Determine z(-154).
20
Let r(q) = 2*q**3 + 134*q**2 + 395*q + 630. Determine r(-64).
-74
Let o(s) = 11*s**2 + 62*s + 83. Give o(-2).
3
Let u(p) = 24*p**2 + 34*p + 50. Calculate u(-8).
1314
Let l(j) = -10*j**2 + 9921*j - 78735. Give l(8).
-7
Let h(r) = 16*r**3 - 146*r**2 - 323*r - 71. Give h(11).
6
Let m(j) = 1014960*j + 13194490. Give m(-13).
10
Let l(c) = c**3 + 88*c**2 - 999*c - 87588. Calculate l(-88).
324
Let w(x) = -x**3 - 158*x**2 + 173*x + 51754. What is w(-157)?
-56
Let q(g) = 7*g**3 - 17*g**2 - 36*g + 454. Determine q(5).
724
Let t(g) = -9150*g + 548884. Determine t(60).
-116
Let y(j) = -45*j**3 - 684*j**2 - 130*j + 26. What is y(-15)?
-49
Let z(f) = -13*f**3 + 7*f**2 + 174*f - 663. Give z(4).
-687
Let z(s) = 63*s - 890. Calculate z(3).
-701
Let f(r) = -9*r**2 + 73*r - 653. Determine f(10).
-823
Let r(o) = -231114*o - 4160021. Determine r(-18).
31
Let z(g) = -2*g**2 + 796*g - 34217. Calculate z(49).
-15
Let n(h) = 43*h**2 - 576*h - 4655. Calculate n(19).
-76
Let j(y) = -215*y + 3117. Calculate j(16).
-323
Let z(c) = 20529*c - 82209. What is z(4)?
-93
Let g(l) = -72833*l + 582670. Give g(8).
6
Let i(u) = -7*u**3 + 136*u**2 - 659*u + 11428. Give i(19).
-10
Let l(o) = -658*o + 177656. Give l(270).
-4
Let a(u) = 40*u**2 - 1688*u + 17726. Calculate a(20).
-34
Let x(c) = 40*c**2 - 523*c - 13441. What is x(26)?
1
Let r(u) = -5*u**3 - 2334*u**2 + 9894*u + 1402. Calculate r(-471).
-11
Let i(w) = 642*w - 137512. What is i(214)?
-124
Let u(x) = 1915*x + 258525. Give u(-135).
0
Let p(o) = -o**3 + 143*o**2 + 4718*o - 21763. What is p(170)?
-3
Let t(m) = 8*m**3 - 17*m**2 + 169*m - 711. Determine t(6).
1419
Let g(t) = -t**3 + 41*t**2 + 174*t - 10. Calculate g(-5).
270
Let h(i) = -452*i + 4219. Give h(9).
151
Let q(r) = 2*r**2 - 24*r + 138. What is q(7)?
68
Let w(t) = -452*t + 113925. What is w(252)?
21
Let s(r) = 15670*r + 8336439. What is s(-532)?
-1
Let i(d) = 756*d**3 + 453*d**2 + 921*d + 26. What is i(-2)?
-6052
Let w(h) = h**3 - 106*h**2 - 559*h + 79725. Calculate w(104).
-43
Let f(t) = -t**3 - 196*t**2 + 4582*t + 5489. What is f(-217)?
64
Let i(q) = -3*q**2 + 1886*q + 9512. Calculate i(-5).
7
Let l(j) = 2*j**2 - 19559*j - 117298. Give l(-6).
128
Let y(u) = u**3 + 41*u**2 - 2263*u - 93775. Give y(-44).
-11
Let j(q) = 83*q**2 + 66*q + 15. What is j(2)?
479
Let i(d) = -3321*d - 10689. Calculate i(-3).
-726
Let h(j) = 2*j**3 - 80*j**2 + 34*j + 67. Determine h(39).
-1649
Let y(u) = -10*u**3 + 595*u**2 + 928*u - 839. Determine y(61).
-46
Let r(m) = -38*m**2 - 565*m + 2147. Give r(-18).
5
Let p(q) = -492*q - 32601. What is p(-66)?
-129
Let g(v) = 6588*v - 460840. Calculate g(70).
320
Let u(x) = 21462*x - 64447. Give u(3).
-61
Let z(b) = -128*b - 12616. Calculate z(-100).
184
Let m(g) = -26200*g + 157193. Determine m(6).
-7
Let v(f) = 806*f + 1125. What is v(-3)?
-1293
Let v(y) = 2*y**3 - 106*y**2 - 443*y - 760. What is v(57)?
-19
Let n(z) = -z**3 + 214*z**2 + 327278*z - 2071. What is n(689)?
-4
Let r(o) = -43345*o - 248. Calculate r(0).
-248
Let f(k) = 4*k**2 + 22*k - 1475. Give f(-21).
-173
Let c(s) = -3*s**3 + 12*s**2 - 678*s - 1388. Calculate c(-2).
40
Let b(r) = -17709*r + 141789. Give b(8).
117
Let c(v) = 23309*v + 139855. Determine c(-6).
1
Let g(m) = -3763*m + 41394. Give g(11).
1
Let a(r) = -123*r**2 - 316*r - 114. Calculate a(-2).
26
Let p(t) = 3*t**2 + 188*t - 51992. Determine p(104).
8
Let g(x) = -216*x**3 - 2*x**2 - 36*x + 57. Determine g(0).
57
Let k(g) = 1508*g + 595668. Determine k(-395).
8
Let h(g) = -g**3 - 241*g**2 + 1487*g + 576. Determine h(-247).
-659
Let a(f) = 12*f - 1301. Calculate a(11).
-1169
Let m(x) = -217*x**3 + 3*x**2 - 231*x - 233. Determine m(-1).
218
Let v(x) = -x**2 + 349*x + 47678. What is v(-105)?
8
Let o(l) = -9276*l**2 - 37106*l - 22. What is o(-4)?
-14
Let m(l) = 30*l**2 - 494*l + 862. Give m(11).
-942
Let f(j) = -17920*j + 89583. Give f(5).
-17
Let p(b) = -788320*b - 3941620. Calculate p(-5).
-20
Let x(f) = -439118*f - 158082481. What is x(-360)?
-1
Let l(q) = -q**3 - 23*q**2 - 12*q - 838. Give l(-24).
26
Let u(g) = -44*g - 462. Calculate u(-21).
462
Let d(f) = -257004*f - 5654102. What is d(-22)?
-14
Let f(m) = 868908*m + 6082332. Give f(-7).
-24
Let c(p) = p**3 - 12*p**2 - 91*p + 158. Determine c(17).
56
Let k(n) = 164*n**2 + 1410*n + 2557. Calculate k(-6).
1
Let r(d) = -3*d**2 + 4216*d - 83138. Give r(20).
-18
Let c(d) = -2*d**3 + 10*d**2 + 1795*d - 12387. Give c(7).
-18
Let c(b) = -38*b**2 + 75*b - 299. Give c(7).
-1636
Let o(t) = -t**3 - 96*t**2 + t - 39831. Give o(-100).
69
Let v(u) = 55144*u - 1433643. Determine v(26).
101
Let h(m) = 78*m**3 + 1014*m**2 + 6132*m + 79732. Calculate h(-13).
16
Let p(h) = 2*h**2 + 2397*h + 67825. What is p(-29)?
-6
Let l(q) = -q**3 - 12*q**2 + 76*q + 375. What is l(-4)?
-57
Let f(g) = 52*g**2 + 120*g - 351. Give f(3).
477
Let z(m) = 5490*m + 104231. Calculate z(-19).
-79
Let g(j) = -381*j**3 + j**2 + 78*j + 77. Give g(-1).
381
Let u(r) = -23*r**3 - 1267*r**2 - 108*r + 164. Determine u(-55).
54
Let v(i) = 1126*i + 100669. What is v(-89)?
455
Let q(n) = -21898*n + 1948875. What is q(89)?
-47
Let l(o) = -27*o - 867. Give l(-31).
-30
Let z(x) = 29*x + 3194. What is z(-112)?
-54
Let s(c) = -c**3 + 3*c**2 + 35*c - 54. Calculate s(-5).
-29
Let o(i) = -271*i + 3189. Give o(9).
750
Let f(v) = -2*v**3 - 178*v**2 + 500*v + 29072. What is f(-90)?
272
Let y(a) = -447*a - 7661. Calculate y(-17).
-